 82 - 89 - 5*f - f**2 + 0*f - 5*f. List the prime factors of b(i).
3
Suppose -b = p - 3, 0*p = 4*p - b - 12. What are the prime factors of p*((-118)/(-6) + -4)?
47
Suppose 27 = 5*f + 3*q, -4*q = -f - 2 - 11. Suppose -51 = 3*d - o - 245, -d + f*o + 70 = 0. List the prime factors of d.
2
Suppose -6*z - 24 = -2*z. What are the prime factors of ((-188)/z)/(12/18)?
47
Let j(r) be the first derivative of -5*r**3 + 11*r**2/2 + r - 6. Let t(i) = 8*i**2 - 6*i. Let k(b) = -6*j(b) - 11*t(b). List the prime factors of k(-4).
2, 13
Let t(m) be the first derivative of m**4/4 + 3*m**3 - 6*m + 26. What are the prime factors of t(-6)?
2, 3, 17
Suppose 10*w + 4 = 8*w. What are the prime factors of (-330)/(-8) + (w - (-28)/16)?
41
Suppose 0 = -4*p - 5*z + 7046, 5*z = -4 - 6. Suppose -22*f + p = -8*f. What are the prime factors of f?
2, 3, 7
Suppose 61*k - 51401 - 114214 = 0. List the prime factors of k.
3, 5, 181
Let t(x) = -x**3 + 12*x**2 + 10*x - 5. Let v be t(13). List the prime factors of (v/(-55))/((-1)/135*-1).
2, 3
Let f be (-1)/((-2)/3 + 1). Let w = f + 7. Suppose w*y + 17 = u + 2, 3 = 3*u + 2*y. What are the prime factors of u?
3
Let b = -96 - -41. Let s = -24 - b. Suppose -5*p - 3*w + 269 = 0, 3*p = 3*w + 116 + s. What are the prime factors of p?
2, 13
Suppose h + 0*h = -5*w + 6, -5*w + 18 = -2*h. Suppose 0*r - 221 = -t - 3*r, -221 = -t + w*r. List the prime factors of t.
13, 17
Suppose -495 = -4*i - 3*y, -72 = -i - 5*y + 39. Suppose -4*d = -u - 3*d + i, -5*u - 4*d + 630 = 0. What are the prime factors of u?
2, 3, 7
Let k(a) = 3*a**3 + 22*a**2 - 37*a + 6. List the prime factors of k(8).
2, 1327
Let q(w) = 6*w**3 + 2*w**2 - 5*w + 4. What are the prime factors of q(2)?
2, 5
Let a = 54 + -51. List the prime factors of (99/(-2))/((-9)/18) + a.
2, 3, 17
Let l(p) = 3*p**2 + 50*p - 37. Let y(x) = -x**2 - 17*x + 12. Let g(v) = 2*l(v) + 7*y(v). What are the prime factors of g(-11)?
2, 7
Let d(u) = -u**2 + 7*u - 6. Let h be d(5). Suppose h*r - 3*r - 1 = 0. What are the prime factors of (-87)/(-6)*r*2?
29
Let g be 1*(2 + -2 + -5). Let r(u) be the second derivative of -5*u**3/3 - 6*u**2 - 8*u. What are the prime factors of r(g)?
2, 19
Let u be (-3)/(1 + 7/(1113/(-162))). Let s = 243 - u. List the prime factors of s.
2, 3, 7
Let x(p) = -330*p - 14 + 146*p + 144*p. List the prime factors of x(-7).
2, 7, 19
Suppose 11 = c + a, -3*c = -a - 4*a - 33. Suppose -c = -2*l + 529. List the prime factors of l.
2, 3, 5
Let t be 4*237/9*3. Suppose -t = -5*z + 34. What are the prime factors of z?
2, 5, 7
What are the prime factors of (735/6 + 8)*(0 - -2)?
3, 29
Suppose -3*w - 3 = -0*w. Let a(u) = 0*u + 0*u + 1 - u. List the prime factors of a(w).
2
Suppose 0 = 8*c - 9*c. Suppose c*a + 24 = 4*l + 4*a, -2*l + 3*a = -2. What are the prime factors of (-303)/(-27) + l/(-18)?
11
Let z be (-22)/(-6) + (-4)/6. Let u be 70/z*12/10. Suppose 0 = 5*m - j - 0*j - 76, u = 2*m - j. List the prime factors of m.
2
Let r = 7 - -5. Let s(p) = r*p**2 - 11*p + 7*p + p. What are the prime factors of s(2)?
2, 3, 7
Suppose -m + 6 = -i, 4*m - 2*i - i - 22 = 0. Let v be (-33)/(-9) - m/(-12). Suppose f + v*p = 4*f - 56, -2*f + 3*p + 38 = 0. What are the prime factors of f?
2
Let w(m) = m**2 - 3*m + 11. Let p(u) = -2*u**3 + 2*u - 1. Let x be p(-2). List the prime factors of w(x).
3, 11
Let c(j) = j**3 - 4*j**2 - 7*j - 5. Let a be c(6). Let s = 37 - a. What are the prime factors of s?
2, 3
List the prime factors of 1/((12/(-16))/(-3)) + 1526.
2, 3, 5, 17
Let n be 22/2 + -1 - 0. Let b = n + 3. Suppose b = i + 10. List the prime factors of i.
3
Let o(t) be the second derivative of t**4/12 - 7*t**3/6 - 9*t**2/2 + 27*t. Let v = 23 + -13. List the prime factors of o(v).
3, 7
What are the prime factors of -7 - (-2 - 857) - -5?
857
Suppose 0 = -2*h + l + 274, -3*l + 7*l = -5*h + 659. Suppose -g - u = -3*g + 129, -u + h = 2*g. List the prime factors of g.
2, 3, 11
Suppose 9*f - 1008 = 5*f. What are the prime factors of f?
2, 3, 7
Let j be (-3 - 3 - -3) + 0. What are the prime factors of 10/j*(-2 - 1)?
2, 5
What are the prime factors of ((-606)/12)/(2/(-28) + 0)?
7, 101
Let f be 2 - (-18)/15*(-15)/(-6). Suppose -2*p - f*x = -154, 0*p + 3*x = -4*p + 308. List the prime factors of p.
7, 11
Suppose 52 = 4*s - 3*d, 3*s = 6*s - d - 39. Let j = 16 - s. Suppose j*h - 49 = 4*a, -12 = -4*h + 4*a + 56. List the prime factors of h.
19
Suppose 21*b - 782 = -3*x + 16*b, b = -5. List the prime factors of x.
269
Let c(w) = 2*w**2 - 35*w + 88. What are the prime factors of c(27)?
601
Let a = -1312 + 2201. What are the prime factors of a?
7, 127
Let x(q) = -5*q. Let u be x(-2). Suppose 7*k - u*k + 12 = 0. Suppose -k*f + 2*f = -26. List the prime factors of f.
13
Let q(k) = k**3 - 2*k**2 + k + 1. Let h be q(2). Suppose -3*i + 4*w + 18 = 0, -h*i + 0*i + 5*w = -21. Suppose 3*p - i*p = 4. List the prime factors of p.
2
Suppose 78*r = -o + 77*r + 3126, -5*o - 4*r = -15627. What are the prime factors of o?
3, 347
Let m(l) = l**3 - 9*l**2 + 5*l + 1. Let s be m(9). Let w be -1 + 2 + -2 + s. Suppose -j = -2*j + w. What are the prime factors of j?
3, 5
Let n = 31 - 30. List the prime factors of (77 + 0)/n + -2.
3, 5
Suppose -3*g - 9 = 0, -9*g + 5*g + 3678 = 2*d. What are the prime factors of d?
3, 5, 41
Let d = -14 - 3. Let q = d - -18. Suppose -l + 14 = -q. What are the prime factors of l?
3, 5
Suppose 66 = 3*u - 24. Suppose 36*x - 660 = u*x. List the prime factors of x.
2, 5, 11
Let k(c) = -74*c + 20. What are the prime factors of k(-1)?
2, 47
Suppose 29*a - 3821 = 2443. List the prime factors of a.
2, 3
Suppose 5*p - 1554 = -0*p + 2*l, 5*l - 1575 = -5*p. What are the prime factors of p?
2, 3, 13
Let s = 4 - 3. Let n(t) = 22*t**2 - 8*t. Let x(m) = 22*m**2 - 7*m. Let u(f) = -6*n(f) + 7*x(f). List the prime factors of u(s).
3, 7
Suppose 3*n - 8 = 4*m, 0 = n - 0*n - 2*m - 4. Suppose t + 3*g + n*g = 65, g = -t + 55. Let b = -27 + t. List the prime factors of b.
23
Suppose -4*b = 3*x - 4*x - 275, b - 1318 = 5*x. Let c = 10 - x. What are the prime factors of c?
3, 7, 13
Let s = 3 + 0. Suppose -s*t = -z - 4*z + 17, -1 = -5*t + z. List the prime factors of (-21)/(-7)*t*13.
3, 13
Let b be ((1 - 540) + 2)/(-1). Suppose 0 = 7*n - b - 303. What are the prime factors of n?
2, 3, 5
Suppose 4*a + 21 - 4 = v, -4*v + 35 = -5*a. Suppose f + 280 = 2*d - 0*d, -129 = -d - v*f. What are the prime factors of d?
139
Let y = -406 - -726. List the prime factors of y.
2, 5
Suppose 2*u + 2*z = 6*z + 1308, -5*z = 4*u - 2551. What are the prime factors of u?
2, 7, 23
Suppose s - 5*t = 2*s - 40, 0 = -5*s - t + 80. Let y = s + 5. List the prime factors of y.
2, 5
Suppose -f - 2*v - 1 = 0, 4*f - 3*v = -0*f - 4. Let i be 2*(21/6 + f). Suppose -2*l + i*l = 48. List the prime factors of l.
2
Let w = -114 + 2350. What are the prime factors of w?
2, 13, 43
Let j be ((-20)/(-4) - 7) + 9. Suppose -j*k = 172 - 1299. What are the prime factors of k?
7, 23
Suppose -5*n = -9*z + 10*z + 12, -4*n - 12 = 0. Let a be (-2)/3 - 2/(-3). Suppose -j = -y, a = y - z*y + 6. What are the prime factors of j?
3
Let c(l) = 406*l**2 - l + 1. Let o be c(-1). Suppose d = 3*h - 453, -5*h + d + 347 = -o. What are the prime factors of h?
151
Let g(t) = -t**3 - 14*t**2 + 35*t + 100. What are the prime factors of g(-22)?
2, 1601
Suppose -43351 = -62*o + 137999. List the prime factors of o.
3, 5, 13
Let u(h) = 26*h - 76. What are the prime factors of u(21)?
2, 5, 47
Suppose c + 13 = -c + 5*g, 0 = -4*c - 5*g + 19. Suppose 2*f + 2*z = 8, -3*f - 28 = -10*z + 5*z. List the prime factors of (f/(-2) - c)*-110.
5, 11
Suppose -4*t - 2*x = -10, 3*t - 14 = -3*x - 5. What are the prime factors of (t - (-23)/(-1))*(-10)/2?
3, 5, 7
Let n(x) = x + 1. Let o(p) = 1. Let u(a) = -n(a) + 3*o(a). Let q be u(0). Suppose -2*j + 16 + q = 0. List the prime factors of j.
3
Let z(u) be the third derivative of -u**6/120 - 7*u**5/60 - u**4/4 + 5*u**3/6 + 7*u**2. Let h be z(-6). Let o(p) = 3*p - 5. List the prime factors of o(h).
2, 5
Let c(d) = -2*d + 8. Let i be c(0). Let m = -9 - i. Let f = m + 63. List the prime factors of f.
2, 23
Suppose 2*j + 5*r - 985 = 0, -j - 4*r - 115 = -606. List the prime factors of j.
3, 5, 11
Let l be (9 - 0/5)*-11. Let w = l + 173. What are the prime factors of w?
2, 37
Suppose -807 = -2*y + 2087. 